inder when 118214 is divided by 56.
54
What is the remainder when 16370 is divided by 38?
30
Calculate the remainder when 18886 is divided by 22.
10
What is the remainder when 16249 is divided by 5414?
7
What is the remainder when 43479 is divided by 378?
9
Calculate the remainder when 213139 is divided by 778.
745
What is the remainder when 2418 is divided by 816?
786
What is the remainder when 61513 is divided by 4098?
43
Calculate the remainder when 7661 is divided by 67.
23
What is the remainder when 21341 is divided by 284?
41
What is the remainder when 5595 is divided by 2225?
1145
What is the remainder when 11226 is divided by 24?
18
Calculate the remainder when 22696 is divided by 194.
192
Calculate the remainder when 152156 is divided by 1064.
4
What is the remainder when 35990 is divided by 785?
665
Calculate the remainder when 6596 is divided by 2190.
26
Calculate the remainder when 9263 is divided by 712.
7
Calculate the remainder when 5508 is divided by 253.
195
What is the remainder when 2637 is divided by 1311?
15
What is the remainder when 1373 is divided by 1327?
46
What is the remainder when 639863 is divided by 6955?
3
What is the remainder when 43254 is divided by 6179?
1
What is the remainder when 12023 is divided by 678?
497
What is the remainder when 57241 is divided by 6358?
19
Calculate the remainder when 16155 is divided by 53.
43
Calculate the remainder when 24205 is divided by 16.
13
Calculate the remainder when 1744 is divided by 505.
229
What is the remainder when 4514 is divided by 15?
14
Calculate the remainder when 1475804 is divided by 12.
8
Calculate the remainder when 1912723 is divided by 15.
13
What is the remainder when 23236 is divided by 4?
0
What is the remainder when 40431 is divided by 566?
245
Calculate the remainder when 113 is divided by 51.
11
Calculate the remainder when 20480 is divided by 20475.
5
What is the remainder when 57537 is divided by 25?
12
What is the remainder when 94550 is divided by 892?
890
What is the remainder when 2468 is divided by 38?
36
What is the remainder when 402507 is divided by 14?
7
Calculate the remainder when 3094 is divided by 167.
88
What is the remainder when 7227 is divided by 232?
35
Calculate the remainder when 49721 is divided by 4972.
1
What is the remainder when 8802 is divided by 1471?
1447
Calculate the remainder when 22972 is divided by 396.
4
Calculate the remainder when 20504 is divided by 10229.
46
Calculate the remainder when 3043161 is divided by 2754.
2745
Calculate the remainder when 11557 is divided by 59.
52
Calculate the remainder when 1592 is divided by 173.
35
Calculate the remainder when 918189 is divided by 88.
85
Calculate the remainder when 366 is divided by 88.
14
Calculate the remainder when 2085 is divided by 49.
27
Calculate the remainder when 17780 is divided by 556.
544
Calculate the remainder when 12866 is divided by 3174.
170
What is the remainder when 3595 is divided by 1160?
115
What is the remainder when 367227 is divided by 302?
297
Calculate the remainder when 73427 is divided by 633.
632
Calculate the remainder when 32571 is divided by 10756.
303
Calculate the remainder when 1201321 is divided by 178.
177
Calculate the remainder when 22428 is divided by 7457.
57
What is the remainder when 39903 is divided by 2650?
153
Calculate the remainder when 128297 is divided by 396.
389
Calculate the remainder when 497 is divided by 296.
201
What is the remainder when 163798 is divided by 34?
20
Calculate the remainder when 3990 is divided by 307.
306
What is the remainder when 15299 is divided by 51?
50
What is the remainder when 8366249 is divided by 625?
624
Calculate the remainder when 28106 is divided by 327.
311
Calculate the remainder when 3069 is divided by 437.
10
Calculate the remainder when 1236383 is divided by 525.
8
What is the remainder when 20814 is divided by 443?
436
What is the remainder when 2331735 is divided by 14?
7
What is the remainder when 9745 is divided by 697?
684
What is the remainder when 698345 is divided by 14?
11
Calculate the remainder when 6699 is divided by 3347.
5
What is the remainder when 2786 is divided by 299?
95
Calculate the remainder when 253134 is divided by 18081.
0
Calculate the remainder when 7318 is divided by 122.
120
Calculate the remainder when 2029 is divided by 1989.
40
What is the remainder when 122814 is divided by 204?
6
What is the remainder when 1986 is divided by 352?
226
Calculate the remainder when 376885 is divided by 188435.
15
What is the remainder when 837 is divided by 128?
69
Calculate the remainder when 7703 is divided by 2424.
431
What is the remainder when 277662 is divided by 91?
21
What is the remainder when 2934838 is divided by 353?
349
Calculate the remainder when 5553 is divided by 133.
100
Calculate the remainder when 72603 is divided by 7260.
3
What is the remainder when 1679 is divided by 128?
15
Calculate the remainder when 3718 is divided by 1908.
1810
What is the remainder when 730 is divided by 76?
46
What is the remainder when 71124 is divided by 176?
20
What is the remainder when 5767 is divided by 172?
91
What is the remainder when 386315 is divided by 49?
48
Calculate the remainder when 30306 is divided by 1123.
1108
What is the remainder when 1116 is divided by 32?
28
Calculate the remainder when 5674 is divided by 1876.
46
Calculate the remainder when 87111 is divided by 917.
913
Calculate the remainder when 57330 is divided by 567.
63
What is the remainder when 4640 is divided by 4?
0
Calculate the remainder when 51989 is divided by 536.
533
What is the remainder when 20289 is divided by 1445?
59
Calculate the remainder when 17295 is divided by 909.
24
What is the remainder when 32377 is divided by 32362?
15
Calculate the remainder when 22812 is divided by 76.
12
Calculate the remainder when 66313 is divided by 140.
93
What is the remainder when 5064 is divided by 5054?
10
What is the remainder when 3752 is divided by 413?
35
What is the remainder when 22368 is divided by 343?
73
What is the remainder when 302140 is divided by 693?
685
What is the remainder when 118594 is divided by 24?
10
Calculate the remainder when 78937 is divided by 78913.
24
What is the remainder when 21263 is divided by 7084?
11
Calculate the remainder when 149251 is divided by 2102.
9
What is the remainder when 2584 is divided by 379?
310
Calculate the remainder when 75189 is divided by 482.
479
Calculate the remainder when 160121 is divided by 17.
15
What is the remainder when 41032 is divided by 3154?
30
What is the remainder when 5204 is divided by 1524?
632
What is the remainder when 31769 is divided by 365?
14
Calculate the remainder when 8111 is divided by 3981.
149
Calculate the remainder when 2354 is divided by 463.
39
What is the remainder when 765259 is divided by 9?
7
What is the remainder when 3559 is divided by 500?
59
What is the remainder when 6893 is divided by 3298?
297
Calculate the remainder when 62462 is divided by 128.
126
Calculate the remainder when 8996 is divided by 2024.
900
What is the remainder when 42599 is divided by 213?
212
What is the remainder when 26807 is divided by 3792?
263
What is the remainder when 76397 is divided by 153?
50
What is the remainder when 385 is divided by 121?
22
Calculate the remainder when 1006658 is divided by 333.
332
What is the remainder when 4435 is divided by 4272?
163
What is the remainder when 1417 is divided by 148?
85
Calculate the remainder when 260194 is divided by 142.
50
What is the remainder when 8675 is divided by 349?
299
What is the remainder when 11784 is divided by 946?
432
What is the remainder when 2985 is divided by 619?
509
Calculate the remainder when 213 is divided by 32.
21
Calculate the remainder when 1730 is divided by 216.
2
Calculate the remainder when 11242 is divided by 403.
361
Calculate the remainder when 391392 is divided by 195695.
2
Calculate the remainder when 2918 is divided by 39.
32
Calculate the remainder when 6589 is divided by 1645.
9
What is the remainder when 1190099 is divided by 12?
11
What is the remainder when 117844 is divided by 355?
339
What is the remainder when 3768 is divided by 635?
593
What is the remainder when 131686 is divided by 558?
556
Calculat